{"id":1865,"date":"2026-04-05T13:48:23","date_gmt":"2026-04-05T16:48:23","guid":{"rendered":"https:\/\/wordpress.vecurosoft.com\/kiddino\/?page_id=1865"},"modified":"2026-04-07T20:34:19","modified_gmt":"2026-04-07T23:34:19","slug":"nossos-produtos","status":"publish","type":"page","link":"https:\/\/studiolotus.com.br\/nafloresta\/nossos-produtos\/","title":{"rendered":"Nossos Produtos"},"content":{"rendered":"\t\t<div data-elementor-type=\"wp-page\" data-elementor-id=\"1865\" class=\"elementor elementor-1865\" data-elementor-post-type=\"page\">\n\t\t\t\t\t\t<section class=\"elementor-section elementor-top-section elementor-element elementor-element-50606eb elementor-section-full_width elementor-section-height-default elementor-section-height-default\" data-id=\"50606eb\" data-element_type=\"section\" data-e-type=\"section\">\n\t\t\t\t\t\t<div class=\"elementor-container elementor-column-gap-no\">\n\t\t\t\t\t<div class=\"elementor-column elementor-col-100 elementor-top-column elementor-element elementor-element-33eb940\" data-id=\"33eb940\" data-element_type=\"column\" data-e-type=\"column\">\n\t\t\t<div class=\"elementor-widget-wrap elementor-element-populated\">\n\t\t\t\t\t\t<section class=\"elementor-section elementor-inner-section elementor-element elementor-element-f5993f5 elementor-section-boxed elementor-section-height-default elementor-section-height-default\" data-id=\"f5993f5\" data-element_type=\"section\" data-e-type=\"section\">\n\t\t\t\t\t\t<div class=\"elementor-container elementor-column-gap-no\">\n\t\t\t\t\t<div class=\"elementor-column elementor-col-100 elementor-inner-column elementor-element elementor-element-5e6db6f\" data-id=\"5e6db6f\" data-element_type=\"column\" data-e-type=\"column\">\n\t\t\t<div class=\"elementor-widget-wrap elementor-element-populated\">\n\t\t\t\t\t\t<div class=\"elementor-element elementor-element-ed7456f elementor-widget elementor-widget-kiddinosectiontitle\" data-id=\"ed7456f\" data-element_type=\"widget\" data-e-type=\"widget\" data-widget_type=\"kiddinosectiontitle.default\">\n\t\t\t\t<div class=\"elementor-widget-container\">\n\t\t\t\t\t<!-- Section Title --><div class=\"title-area\" ><div class=\"sec-bubble\"><div class=\"bubble\"><\/div><div class=\"bubble\"><\/div><div class=\"bubble\"><\/div><\/div><h2 class=\"sec-title title-selector\">Mais que produtos, experi\u00eancias que formam leitores.<\/h2><p class=\"sec-text\">Nossos projetos liter\u00e1rios convidam \u00e0 descoberta, ao encontro e \u00e0 constru\u00e7\u00e3o de sentidos, tornando a leitura uma experi\u00eancia viva e cont\u00ednua.<\/p><\/div><!-- End Section Title -->\t\t\t\t<\/div>\n\t\t\t\t<\/div>\n\t\t\t\t\t<\/div>\n\t\t<\/div>\n\t\t\t\t\t<\/div>\n\t\t<\/section>\n\t\t\t\t<section class=\"elementor-section elementor-inner-section elementor-element elementor-element-94ec452 elementor-section-boxed elementor-section-height-default elementor-section-height-default\" data-id=\"94ec452\" data-element_type=\"section\" data-e-type=\"section\">\n\t\t\t\t\t\t<div class=\"elementor-container elementor-column-gap-no\">\n\t\t\t\t\t<div class=\"elementor-column elementor-col-100 elementor-inner-column elementor-element elementor-element-2de5110\" data-id=\"2de5110\" data-element_type=\"column\" data-e-type=\"column\">\n\t\t\t<div class=\"elementor-widget-wrap elementor-element-populated\">\n\t\t\t\t\t\t<div class=\"elementor-element elementor-element-f533d14 elementor-widget elementor-widget-kiddinoserviceslider\" data-id=\"f533d14\" data-element_type=\"widget\" data-e-type=\"widget\" data-widget_type=\"kiddinoserviceslider.default\">\n\t\t\t\t<div class=\"elementor-widget-container\">\n\t\t\t\t\t\t\t<div class=\"row service-carousel\" data-slick-arrows=\"false\" data-slick-autoplay=\"false\" data-slide-to-show=\"2\" data-slick-dots=\"false\" >\r\n\t\t\t\t\t\t\t<div class=\"service-style1 col-xl-3\">\r\n\t\t\t\t\t<div class=\"service-body\">\r\n\t\t\t\t\t\t\t\t\t\t\t\t\t<div class=\"service-img\">\r\n\t\t\t\t\t\t\t\t<a href=\"https:\/\/studiolotus.com.br\/nafloresta\/clube-dos-devoradores-de-livros\/\">\r\n\t\t\t\t\t\t\t\t\t<img decoding=\"async\" src=\"https:\/\/studiolotus.com.br\/nafloresta\/wp-content\/uploads\/2026\/04\/capa.webp\" alt=\"service\"  \/>\t\t\t\t\t\t\t\t<\/a>\r\n\t\t\t\t\t\t\t<\/div>\r\n\t\t\t\t\t\t\t\t\t\t\t\t<div class=\"service-content service-custom0\">\r\n\t\t\t\t\t\t\t\t\t\t\t\t\t\t\t<div class=\"service-icon\">\r\n\t\t\t\t\t\t\t\t\t<img decoding=\"async\" src=\"https:\/\/studiolotus.com.br\/nafloresta\/wp-content\/uploads\/2026\/04\/devorador-icone.png\" alt=\"service\"  \/>\t\t\t\t\t\t\t\t<\/div>\r\n\t\t\t\t\t\t\t\r\n\t\t\t\t\t\t\t\t\t\t\t\t\t\t\t<h3 class=\"service-title\">\r\n\t\t\t\t\t\t\t\t\t<a href=\"https:\/\/studiolotus.com.br\/nafloresta\/clube-dos-devoradores-de-livros\/\">\r\n\t\t\t\t\t\t\t\t\t\tClube dos Devoradores de Livros\t\t\t\t\t\t\t\t\t<\/a>\r\n\t\t\t\t\t\t\t\t<\/h3>\r\n\t\t\t\t\t\t\t\r\n\t\t\t\t\t\t\t\t\t\t\t\t\t\t\t<p class=\"service-text\">\r\n\t\t\t\t\t\t\t\t\tUma curadoria liter\u00e1ria especializada nos p\u00fablicos infantil e juvenil.\t\t\t\t\t\t\t\t<\/p>\r\n\t\t\t\t\t\t\t\t\t\t\t\t\t\t\r\n\t\t\t\t\t\t\t\t\t\t\t\t\t\t\t<div class=\"service-bottom\">\r\n\t\t\t\t\t\t\t\t\t<a href=\"https:\/\/studiolotus.com.br\/nafloresta\/clube-dos-devoradores-de-livros\/\" class=\"service-btn\">\r\n\t\t\t\t\t\t\t\t\t\tLeia Mais\t\t\t\t\t\t\t\t\t<\/a>\r\n\t\t\t\t\t\t\t\t<\/div>\r\n\t\t\t\t\t\t\t\t\t\t\t\t\t<\/div>\r\n\t\t\t\t\t<\/div>\r\n\t\t\t\t<\/div>\r\n\t\t\t\t\t\t\t\t<div class=\"service-style1 col-xl-3\">\r\n\t\t\t\t\t<div class=\"service-body\">\r\n\t\t\t\t\t\t\t\t\t\t\t\t\t<div class=\"service-img\">\r\n\t\t\t\t\t\t\t\t<a href=\"#\">\r\n\t\t\t\t\t\t\t\t\t<img decoding=\"async\" src=\"https:\/\/studiolotus.com.br\/nafloresta\/wp-content\/uploads\/2026\/04\/capa-2.webp\" alt=\"service\"  \/>\t\t\t\t\t\t\t\t<\/a>\r\n\t\t\t\t\t\t\t<\/div>\r\n\t\t\t\t\t\t\t\t\t\t\t\t<div class=\"service-content service-custom1\">\r\n\t\t\t\t\t\t\t\t\t\t\t\t\t\t\t<div class=\"service-icon\">\r\n\t\t\t\t\t\t\t\t\t<img decoding=\"async\" src=\"https:\/\/wordpress.vecurosoft.com\/kiddino\/wp-content\/uploads\/2023\/08\/sr-1-2.svg\" alt=\"service\"  \/>\t\t\t\t\t\t\t\t<\/div>\r\n\t\t\t\t\t\t\t\r\n\t\t\t\t\t\t\t\t\t\t\t\t\t\t\t<h3 class=\"service-title\">\r\n\t\t\t\t\t\t\t\t\t<a href=\"#\">\r\n\t\t\t\t\t\t\t\t\t\tNovo Produto\t\t\t\t\t\t\t\t\t<\/a>\r\n\t\t\t\t\t\t\t\t<\/h3>\r\n\t\t\t\t\t\t\t\r\n\t\t\t\t\t\t\t\t\t\t\t\t\t\t\t<p class=\"service-text\">\r\n\t\t\t\t\t\t\t\t\tEm breve, um novo projeto liter\u00e1rio para inspirar descobertas e aproximar leitores.\t\t\t\t\t\t\t\t<\/p>\r\n\t\t\t\t\t\t\t\t\t\t\t\t\t\t\r\n\t\t\t\t\t\t\t\t\t\t\t\t\t\t\t<div class=\"service-bottom\">\r\n\t\t\t\t\t\t\t\t\t<a href=\"#\" class=\"service-btn\">\r\n\t\t\t\t\t\t\t\t\t\tLeia Mais\t\t\t\t\t\t\t\t\t<\/a>\r\n\t\t\t\t\t\t\t\t<\/div>\r\n\t\t\t\t\t\t\t\t\t\t\t\t\t<\/div>\r\n\t\t\t\t\t<\/div>\r\n\t\t\t\t<\/div>\r\n\t\t\t\t\t\t\t<\/div>\r\n\t\t\t\t\t\t<\/div>\n\t\t\t\t<\/div>\n\t\t\t\t\t<\/div>\n\t\t<\/div>\n\t\t\t\t\t<\/div>\n\t\t<\/section>\n\t\t\t\t\t<\/div>\n\t\t<\/div>\n\t\t\t\t\t<\/div>\n\t\t<\/section>\n\t\t\t\t<\/div>\n\t\t","protected":false},"excerpt":{"rendered":"<p>Mais que produtos, experi\u00eancias que formam leitores. Nossos projetos liter\u00e1rios convidam \u00e0 descoberta, ao encontro e \u00e0 constru\u00e7\u00e3o de sentidos, tornando a leitura uma experi\u00eancia viva e cont\u00ednua. Clube dos Devoradores de Livros Uma curadoria liter\u00e1ria especializada nos p\u00fablicos infantil e juvenil. Leia Mais Novo Produto Em breve, um novo projeto liter\u00e1rio para inspirar descobertas&#8230;<\/p>\n","protected":false},"author":1,"featured_media":0,"parent":0,"menu_order":0,"comment_status":"closed","ping_status":"closed","template":"elementor_header_footer","meta":{"footnotes":""},"class_list":["post-1865","page","type-page","status-publish","hentry"],"_links":{"self":[{"href":"https:\/\/studiolotus.com.br\/nafloresta\/wp-json\/wp\/v2\/pages\/1865","targetHints":{"allow":["GET"]}}],"collection":[{"href":"https:\/\/studiolotus.com.br\/nafloresta\/wp-json\/wp\/v2\/pages"}],"about":[{"href":"https:\/\/studiolotus.com.br\/nafloresta\/wp-json\/wp\/v2\/types\/page"}],"author":[{"embeddable":true,"href":"https:\/\/studiolotus.com.br\/nafloresta\/wp-json\/wp\/v2\/users\/1"}],"replies":[{"embeddable":true,"href":"https:\/\/studiolotus.com.br\/nafloresta\/wp-json\/wp\/v2\/comments?post=1865"}],"version-history":[{"count":16,"href":"https:\/\/studiolotus.com.br\/nafloresta\/wp-json\/wp\/v2\/pages\/1865\/revisions"}],"predecessor-version":[{"id":6619,"href":"https:\/\/studiolotus.com.br\/nafloresta\/wp-json\/wp\/v2\/pages\/1865\/revisions\/6619"}],"wp:attachment":[{"href":"https:\/\/studiolotus.com.br\/nafloresta\/wp-json\/wp\/v2\/media?parent=1865"}],"curies":[{"name":"wp","href":"https:\/\/api.w.org\/{rel}","templated":true}]}}